17 = n. Let h(m) = 2 + 20*m**2 + 5 - 1 + w*m. Is h(-4) composite?
True
Let p(n) = 2*n**2 - 94*n - 160. Let g be p(49). Suppose 101826 = -g*m + 42*m. Is m a prime number?
False
Let x be 10*((-32)/(-5) - 6). Suppose x*w = 2*d - 10534, 2*d = -6*w + 5*w + 10549. Is d a composite number?
False
Let k(u) = 6*u**3 + 22*u**2 - 17*u + 10. Is k(7) a composite number?
True
Suppose 76*j + 2803508 - 9451456 = 0. Is j a composite number?
False
Suppose -70*l + 28*l = 342*l - 4589952. Is l composite?
False
Let j(c) = c**3 + 5*c**2 + 4*c - 2. Let v be j(-3). Let b(m) = 2*m**2 - 3*m + 4. Let f be b(v). Is (-2*1732/f)/(2/(-30)) composite?
True
Let r(f) = 169*f**2 - 23*f - 82. Let x(q) = 170*q**2 - 23*q - 84. Let z(u) = -6*r(u) + 7*x(u). Is z(-7) a prime number?
True
Is -13 + (-2538)/(-198) - 50698/(-22)*95 composite?
False
Suppose 795*o - 808*o = -1639391. Is o composite?
False
Let s(u) = -u**3 - 14*u**2 + 13*u - 37. Let d(j) = j**2 + 12*j - 1. Let p be d(-10). Is s(p) a prime number?
True
Let k(n) = n**3 - 15*n**2 + 10*n - 17. Let b(x) = 2*x + 6. Let i be b(-11). Let l = 33 + i. Is k(l) composite?
True
Let b(g) = 2*g**2 + 27*g - 18. Let t be b(-14). Let u(v) = 4*v**2 - 8*v - 13. Is u(t) prime?
True
Suppose 0 - 2 = 4*n - 3*l, 4*n + 4*l = -16. Is (-2)/18*n - 130182/(-54) prime?
True
Let b(c) = 81*c - 52. Suppose -3*n - 21 = -6, -2*p = -5*n - 31. Is b(p) a prime number?
True
Let t = -1007 - -399. Let s = 179 - t. Is s composite?
False
Suppose 7*g - 29767 = 4*g + 4*q, -2*g = -5*q - 19840. Let m = -6336 + g. Is m a composite number?
True
Let u be 4/(-18) - 22/(-99). Suppose 26*i - 30*i + 8 = u. Suppose i*q + 331 = 3*q. Is q a composite number?
False
Let t be 179/12 - 11/(-132). Suppose 2*w - 5*h + 5643 - 19796 = 0, -5*h - t = 0. Is w a composite number?
False
Is ((-84)/126)/(16/(-8) - 860192/(-430098)) a prime number?
False
Let p = 459802 - 188183. Is p composite?
False
Is ((-54)/60)/9 + 36765852/120 a composite number?
True
Let n be (2090/330)/(8/(-6) - -1). Let u(b) = -271*b + 92. Is u(n) composite?
True
Suppose 3*k - 2*s + 8 = 7, 20 = 4*s. Suppose k*j - 3738 = -3*j. Is j prime?
False
Suppose -3*h + 4 = -2. Let j(g) = 15*g + 163 - 37*g + 11*g + g**h + 12*g. Is j(0) a prime number?
True
Suppose -12*p + 2*p + 1718493 = -101777. Is p prime?
True
Let l(k) = 50*k**2 + 114*k - 5779. Is l(95) prime?
False
Let i be (-4)/(-26) + 150/39. Let o(m) = 232*m - 18. Let k(x) = -231*x + 23. Let v(j) = 3*k(j) + 4*o(j). Is v(i) composite?
False
Let l(r) = 12 - 2058*r + 11 + 1300*r - 2777*r. Is l(-2) prime?
False
Let l = -234 + 479. Let n = l + 656. Is n composite?
True
Suppose -60*l + 69*l = 90. Let n(c) = -c**3 + 19*c**2 + 4*c + 1. Is n(l) composite?
False
Suppose -12*m - 1800 = -3*m. Is m/1500 + 123334/30 prime?
True
Let l(w) = -4*w + 39. Let y be l(9). Let n(c) = -y + c**3 - 4*c**3 - 2 - 2*c**2 - c**2 - c. Is n(-6) prime?
True
Let l = -14 - -34. Suppose 0*h - 2*r + 15878 = 3*h, 0 = -5*r + l. Suppose -3163 = -2*i - i + 4*b, 3*b = 5*i - h. Is i a prime number?
True
Let s be (8/(-1))/(-5*(-6)/90). Is 1945 + 3/((-18)/s) composite?
False
Let z = 80770 - 26049. Is z composite?
False
Let q(d) = d**3 + 12*d**2 + 10*d - 7. Let o be q(-11). Let k be 16/(-20)*(-10)/o. Is k/8 + (-3255)/(-20) composite?
False
Let p(w) be the second derivative of 5*w**4/4 - 5*w**3/3 + 51*w**2 + w + 32. Is p(-11) composite?
False
Let t(b) = 2*b**3 - b**2 + b - 9. Let y be t(0). Is (-10)/((-10)/y) - -29278 prime?
True
Let t = 205138 - -736941. Is t a prime number?
True
Let j = -176391 - -258834. Is j a composite number?
True
Suppose -2 = h, 3*l + 5 = 4*h - 11. Let n(f) = -55 - 79 + 26*f**2 - 3*f + 139. Is n(l) prime?
True
Let d = 86375 + -41874. Is d composite?
False
Let y(a) = 11*a**2 - 10*a - 8. Suppose -5*t + 165 = 6*t. Is y(t) prime?
False
Suppose -3*k - 7*k + 237942 = 5432. Is k a prime number?
True
Let g = 34 + -34. Let o be g*(5 - 5 - 1). Suppose -159 = -j - 5*l, 12*j - 16*j + 4*l + 684 = o. Is j prime?
False
Let t = -856 - -860. Suppose t*f + 2*a - 2655 = f, -3563 = -4*f + 5*a. Is f composite?
False
Let j be (8/(-4))/(-2) + 3. Suppose -3*d = j*k - 0*d - 780, -748 = -4*k + 5*d. Suppose -6*z + 210 = -k. Is z prime?
True
Suppose 76*i = 83*i. Suppose i = -5*z + 4*z - 3*u + 1448, 0 = -4*z + 4*u + 5744. Is z a prime number?
True
Suppose -2*p + 2524 = 2*v, 2*p - 832 - 430 = -v. Suppose -2*t + 153 = -4*z - 467, -4*t - 3*z = -v. Is t composite?
True
Let i(o) = 11681*o**2 + 264*o + 11. Is i(6) a prime number?
True
Suppose -16*h = -41299 - 303357. Is h a composite number?
True
Let u(d) = -2459*d**3 + d. Let g be u(-1). Suppose -21*z + 132890 = 35*z - 115246. Let v = z - g. Is v composite?
False
Suppose w - 2*w + 150411 = -166608. Is w a composite number?
True
Let r be (35/210)/((-5)/6 + 1). Is (-1)/r*8426/(-2) composite?
True
Suppose -l + 0*m = -2*m + 49, 0 = -3*m + 9. Let u = -38 - l. Suppose 1516 = u*j + 191. Is j a composite number?
True
Let v be (-630)/4*1414/(-505). Suppose x - 3*x - 2*r = 72, -3*r + 164 = -5*x. Let h = x + v. Is h a prime number?
False
Let p(a) = a**2 + 5. Let c be 3/1 - 20/(-10). Let s be p(c). Is (-3)/5 + 37488/s prime?
True
Let r(g) = -14236*g + 245. Is r(-8) composite?
True
Suppose -2*q + 15 - 57 = 0. Let y = -15 - q. Suppose 0 = -j - h + 704, -j + y*h + 719 = 2*h. Is j a composite number?
True
Let d(t) = 65*t**2 - 14*t - 32. Let k be d(-5). Let z = k + 784. Is z composite?
False
Suppose -x + 44030 = 2*n, -5*n = 4*x - 80311 - 29770. Is n a prime number?
True
Let k(g) = 73*g**2 + 6*g + 5. Let s be k(-1). Suppose -h = -s + 3. Is h prime?
False
Let z(n) = -64*n**3 - 32*n**2 + 28*n + 537. Is z(-14) prime?
True
Let c = -9038 - -20414. Suppose 34153 = 11*n - c. Is n prime?
True
Let y = -56 - -91. Let z be y - (3 + -1)*2. Suppose 4*c - 709 = z. Is c a composite number?
True
Let n(s) = s**2 - 2*s - 12. Let j be n(5). Suppose 2*m - 6 = -r, m - j = 4*r - 0. Suppose 0 = -m*w - w + 1340. Is w a prime number?
False
Let k(x) = 8*x**2 - 36*x - 7. Is k(-36) a prime number?
True
Suppose w + w + 2*p = 7748, 5*p = w - 3862. Suppose 89*z - 40 = 79*z. Suppose i + 2*h - 1950 = -i, -z*i = -3*h - w. Is i composite?
False
Suppose -q = q. Suppose j - 764 - 1059 = q. Is j prime?
True
Let p = -51643 + 214716. Is p a prime number?
False
Let f = 265 + -325. Is (f - -64) + (-15570)/(-4)*2 composite?
False
Suppose 37 = 15*q + 7. Suppose q*c = 5257 + 1649. Is c prime?
False
Let b be (-19952)/(-11) + 6/(-363)*-11. Is ((-42)/(-68) + (-4)/34)*b prime?
True
Let a(b) = 17*b - 33. Let c be a(6). Suppose 2*z - 4*q = 12, 4*z - c = 2*q - 3*q. Suppose -l - k = 2*l - 6463, z = 4*k. Is l a composite number?
False
Suppose 98271 + 126051 = 4*b - 5*r, -5*b - r = -280417. Is b composite?
True
Suppose 4*m + 8 - 36 = 0. Let i(p) = 19*p - 22. Let a(y) = -18*y + 22. Let w(h) = m*i(h) + 6*a(h). Is w(11) prime?
False
Suppose -1 = a, -5*a - 102 = -2*c - 29. Suppose 3 = -31*o + c*o. Let i(d) = 2830*d**3 + 3*d**2 - 3*d + 1. Is i(o) a prime number?
False
Let s = 18 - -6. Let l(o) = -12*o + 184*o**2 + 5 + 4*o + s*o**2. Is l(6) a composite number?
True
Let k = 114 + -52. Suppose -k*z + 60*z = -266. Suppose 0 = w - 170 - z. Is w a composite number?
True
Let r(n) = -9128*n - 5317. Is r(-60) a prime number?
False
Let q(z) = 303*z**2 + 48*z - 38. Is q(-7) a composite number?
True
Suppose -27*n + 346068 = -40302. Let f = n + -5551. Is f a prime number?
False
Suppose -5*k = -3*r + 1030 + 4806, -k + 5842 = 3*r. Suppose 9*m = 4*m + 1930. Suppose -b = -r - m. Is b a prime number?
True
Let g = 133674 + -92315. Is g prime?
False
Is ((-7)/(-49))/(4/1298668) composite?
False
Suppose -161832 = -5*j + 2*t + 2591, j - 2*t - 32883 = 0. Is j a composite number?
True
Let b(d) = -d**2 - 17*d - 14. Let v be b(-16). Suppose 5*t = -v*t + 24661. Is t prime?
False
Suppose -26*g + 24*g = -3*o - 443701, -5*o = -2*g + 443695. Is g composite?
True
Suppose 0 = -4*y - 0*y. Suppose y = 6*v - 12. Is ((-21)/4 - 4)/(v/(-24)) composite?
True
Let x be 8 + (-6)/((-3)/(-3)). Is (115/40*x)/((-1)/(-68)) a prime number?
False
Let u = -10 - -4. Let h = 13610 + -13626. Is (h/3 - -2)/(u/207) a prime number?
False
Let d(j) = -j**2 - 5*j + 3. Let k be d(-4). Suppose -8*i + k*i = 15. Is 78/i*-2*40 - -3 a composite number?
False
Let b(h) = -42*h - 361. Let g = 483 + -533. Is b(g) prime?
False